 divided by 180.
177
Calculate the remainder when 35601 is divided by 258.
255
Calculate the remainder when 3979 is divided by 6.
1
Calculate the remainder when 1986 is divided by 24.
18
Calculate the remainder when 1845 is divided by 14.
11
What is the remainder when 234 is divided by 59?
57
What is the remainder when 153 is divided by 5?
3
Calculate the remainder when 751 is divided by 152.
143
What is the remainder when 198 is divided by 183?
15
What is the remainder when 137 is divided by 47?
43
Calculate the remainder when 153 is divided by 19.
1
What is the remainder when 663 is divided by 75?
63
Calculate the remainder when 593 is divided by 18.
17
What is the remainder when 125 is divided by 16?
13
What is the remainder when 167 is divided by 28?
27
What is the remainder when 221 is divided by 26?
13
What is the remainder when 1046 is divided by 20?
6
Calculate the remainder when 1761 is divided by 34.
27
Calculate the remainder when 9176 is divided by 68.
64
What is the remainder when 878 is divided by 10?
8
What is the remainder when 947 is divided by 119?
114
Calculate the remainder when 6894 is divided by 209.
206
Calculate the remainder when 2005 is divided by 59.
58
Calculate the remainder when 61 is divided by 53.
8
Calculate the remainder when 1305 is divided by 17.
13
Calculate the remainder when 305 is divided by 51.
50
What is the remainder when 1221 is divided by 81?
6
Calculate the remainder when 114 is divided by 23.
22
Calculate the remainder when 49 is divided by 23.
3
Calculate the remainder when 79 is divided by 28.
23
What is the remainder when 433 is divided by 41?
23
What is the remainder when 777 is divided by 128?
9
Calculate the remainder when 1721 is divided by 3.
2
Calculate the remainder when 1527 is divided by 318.
255
Calculate the remainder when 68 is divided by 51.
17
Calculate the remainder when 109 is divided by 14.
11
What is the remainder when 9839 is divided by 37?
34
Calculate the remainder when 360 is divided by 18.
0
What is the remainder when 226 is divided by 18?
10
What is the remainder when 415 is divided by 38?
35
Calculate the remainder when 543 is divided by 26.
23
What is the remainder when 321 is divided by 161?
160
Calculate the remainder when 272 is divided by 141.
131
What is the remainder when 2278 is divided by 127?
119
What is the remainder when 1126 is divided by 546?
34
Calculate the remainder when 1496 is divided by 25.
21
What is the remainder when 53 is divided by 18?
17
Calculate the remainder when 30 is divided by 2.
0
What is the remainder when 98 is divided by 88?
10
What is the remainder when 2508 is divided by 821?
45
What is the remainder when 73 is divided by 7?
3
Calculate the remainder when 308 is divided by 62.
60
Calculate the remainder when 161 is divided by 106.
55
Calculate the remainder when 1022 is divided by 93.
92
Calculate the remainder when 1507 is divided by 5.
2
What is the remainder when 801 is divided by 67?
64
Calculate the remainder when 322 is divided by 81.
79
Calculate the remainder when 412 is divided by 88.
60
What is the remainder when 149 is divided by 24?
5
Calculate the remainder when 232 is divided by 145.
87
Calculate the remainder when 4955 is divided by 14.
13
Calculate the remainder when 3357 is divided by 12.
9
Calculate the remainder when 15144 is divided by 28.
24
Calculate the remainder when 590 is divided by 35.
30
What is the remainder when 913 is divided by 228?
1
Calculate the remainder when 95 is divided by 7.
4
Calculate the remainder when 669 is divided by 97.
87
What is the remainder when 533 is divided by 36?
29
Calculate the remainder when 297 is divided by 110.
77
What is the remainder when 303 is divided by 18?
15
Calculate the remainder when 375 is divided by 63.
60
Calculate the remainder when 6420 is divided by 268.
256
What is the remainder when 136 is divided by 42?
10
Calculate the remainder when 1505 is divided by 251.
250
What is the remainder when 124 is divided by 64?
60
What is the remainder when 195 is divided by 23?
11
Calculate the remainder when 18952 is divided by 17.
14
Calculate the remainder when 291 is divided by 40.
11
Calculate the remainder when 2270 is divided by 67.
59
Calculate the remainder when 126 is divided by 124.
2
Calculate the remainder when 1556 is divided by 28.
16
Calculate the remainder when 303 is divided by 6.
3
Calculate the remainder when 3746 is divided by 340.
6
Calculate the remainder when 163 is divided by 24.
19
What is the remainder when 1257 is divided by 21?
18
What is the remainder when 1378 is divided by 92?
90
Calculate the remainder when 862 is divided by 15.
7
Calculate the remainder when 173 is divided by 8.
5
Calculate the remainder when 2318 is divided by 49.
15
What is the remainder when 89 is divided by 7?
5
What is the remainder when 53 is divided by 33?
20
Calculate the remainder when 103 is divided by 22.
15
Calculate the remainder when 230 is divided by 11.
10
What is the remainder when 797 is divided by 17?
15
Calculate the remainder when 416 is divided by 25.
16
Calculate the remainder when 625 is divided by 53.
42
Calculate the remainder when 110 is divided by 61.
49
Calculate the remainder when 1446 is divided by 359.
10
Calculate the remainder when 174 is divided by 8.
6
Calculate the remainder when 259 is divided by 4.
3
Calculate the remainder when 512 is divided by 212.
88
Calculate the remainder when 3276 is divided by 1630.
16
What is the remainder when 467 is divided by 3?
2
Calculate the remainder when 703 is divided by 335.
33
What is the remainder when 200 is divided by 34?
30
Calculate the remainder when 114 is divided by 65.
49
What is the remainder when 71 is divided by 39?
32
Calculate the remainder when 378 is divided by 55.
48
What is the remainder when 3400 is divided by 1690?
20
What is the remainder when 296 is divided by 95?
11
What is the remainder when 210 is divided by 18?
12
Calculate the remainder when 4378 is divided by 29.
28
Calculate the remainder when 76 is divided by 26.
24
Calculate the remainder when 947 is divided by 13.
11
Calculate the remainder when 1916 is divided by 15.
11
Calculate the remainder when 22488 is divided by 21.
18
Calculate the remainder when 55 is divided by 42.
13
What is the remainder when 53 is divided by 18?
17
Calculate the remainder when 127 is divided by 64.
63
What is the remainder when 178 is divided by 62?
54
What is the remainder when 83 is divided by 14?
13
What is the remainder when 414 is divided by 52?
50
What is the remainder when 4055 is divided by 11?
7
What is the remainder when 143 is divided by 28?
3
Calculate the remainder when 436 is divided by 74.
66
What is the remainder when 61 is divided by 37?
24
What is the remainder when 244 is divided by 143?
101
Calculate the remainder when 126 is divided by 52.
22
What is the remainder when 861 is divided by 161?
56
Calculate the remainder when 1287 is divided by 46.
45
What is the remainder when 6194 is divided by 40?
34
What is the remainder when 114 is divided by 9?
6
What is the remainder when 127 is divided by 26?
23
What is the remainder when 3329 is divided by 68?
65
Calculate the remainder when 167 is divided by 55.
2
Calculate the remainder when 197 is divided by 2.
1
Calculate the remainder when 86 is divided by 29.
28
What is the remainder when 396 is divided by 137?
122
What is the remainder when 79 is divided by 24?
7
Calculate the remainder when 263 is divided by 22.
21
What is the remainder when 109 is divided by 19?
14
What is the remainder when 549 is divided by 153?
90
Calculate the remainder when 751 is divided by 106.
9
Calculate the remainder when 472 is divided by 125.
97
What is the remainder when 40 is divided by 21?
19
Calculate the remainder when 107 is divided by 56.
51
Calculate the remainder when 84 is divided by 36.
12
Calculate the remainder when 1754 is divided by 134.
12
What is the remainder when 483 is divided by 44?
43
What is the remainder when 83 is divided by 31?
21
What is the remainder when 262 is divided by 17?
7
Calculate the remainder when 125 is divided by 9.
8
What is the remainder when 503 is divided by 6?
5
What is the remainder when 445 is divided by 8?
5
Calculate the remainder when